{"id":7659,"date":"2021-11-25T09:39:37","date_gmt":"2021-11-25T14:39:37","guid":{"rendered":"https:\/\/laterrabiojoyas.com\/?post_type=product&#038;p=7659"},"modified":"2023-07-01T15:39:58","modified_gmt":"2023-07-01T20:39:58","slug":"maxi-aretes-arbol-de-la-vida","status":"publish","type":"product","link":"https:\/\/laterrabiojoyas.com\/index.php\/product\/maxi-aretes-arbol-de-la-vida\/","title":{"rendered":"Aretes laterra redondos \u00e1rbol de la Vida cl\u00e1sicos"},"content":{"rendered":"<p>Aretes laterra redondos \u00e1rbol de la Vida cl\u00e1sicos combinados con fibra natural y apliques ba\u00f1ados en oro de 18k.<\/p>\n","protected":false},"excerpt":{"rendered":"<p>Aretes laterra redondos \u00e1rbol de la Vida cl\u00e1sicos combinados con fibra natural y apliques ba\u00f1ados en oro de 18k.<\/p>\n","protected":false},"featured_media":7665,"comment_status":"open","ping_status":"closed","template":"","meta":{"_editorskit_title_hidden":false,"_editorskit_reading_time":0,"_editorskit_is_block_options_detached":false,"_editorskit_block_options_position":"{}"},"product_brand":[],"product_cat":[66],"product_tag":[],"class_list":{"0":"post-7659","1":"product","2":"type-product","3":"status-publish","4":"has-post-thumbnail","6":"product_cat-maxiaretes","8":"first","9":"outofstock","10":"taxable","11":"shipping-taxable","12":"purchasable","13":"product-type-simple"},"aioseo_notices":[],"_links":{"self":[{"href":"https:\/\/laterrabiojoyas.com\/index.php\/wp-json\/wp\/v2\/product\/7659","targetHints":{"allow":["GET"]}}],"collection":[{"href":"https:\/\/laterrabiojoyas.com\/index.php\/wp-json\/wp\/v2\/product"}],"about":[{"href":"https:\/\/laterrabiojoyas.com\/index.php\/wp-json\/wp\/v2\/types\/product"}],"replies":[{"embeddable":true,"href":"https:\/\/laterrabiojoyas.com\/index.php\/wp-json\/wp\/v2\/comments?post=7659"}],"wp:featuredmedia":[{"embeddable":true,"href":"https:\/\/laterrabiojoyas.com\/index.php\/wp-json\/wp\/v2\/media\/7665"}],"wp:attachment":[{"href":"https:\/\/laterrabiojoyas.com\/index.php\/wp-json\/wp\/v2\/media?parent=7659"}],"wp:term":[{"taxonomy":"product_brand","embeddable":true,"href":"https:\/\/laterrabiojoyas.com\/index.php\/wp-json\/wp\/v2\/product_brand?post=7659"},{"taxonomy":"product_cat","embeddable":true,"href":"https:\/\/laterrabiojoyas.com\/index.php\/wp-json\/wp\/v2\/product_cat?post=7659"},{"taxonomy":"product_tag","embeddable":true,"href":"https:\/\/laterrabiojoyas.com\/index.php\/wp-json\/wp\/v2\/product_tag?post=7659"}],"curies":[{"name":"wp","href":"https:\/\/api.w.org\/{rel}","templated":true}]}}